{"id":213,"date":"2022-01-24T23:25:12","date_gmt":"2022-01-24T21:25:12","guid":{"rendered":"https:\/\/nayttely-cms.luomus.fi\/?page_id=213"},"modified":"2022-01-24T23:25:12","modified_gmt":"2022-01-24T21:25:12","slug":"forskning-ger-losningar","status":"publish","type":"page","link":"https:\/\/nayttely-cms.luomus.fi\/?page_id=213","title":{"rendered":"Forskning ger l\u00f6sningar!"},"content":{"rendered":"\n<p>Vi beh\u00f6ver kunskap f\u00f6r att skydda naturens m\u00e5ngfald. Kunskapen skapas h\u00e4r p\u00e5 Naturhistoriska centralmuseet och p\u00e5 Helsingfors universitet. Klicka fram forskning som intresserar dig i nedre kanten!<\/p>\n","protected":false},"excerpt":{"rendered":"<p>Vi beh\u00f6ver kunskap f\u00f6r att skydda naturens m\u00e5ngfald. Kunskapen skapas h\u00e4r p\u00e5 Naturhistoriska centralmuseet och p\u00e5 Helsingfors universitet. Klicka fram forskning som intresserar dig i nedre kanten!<\/p>\n","protected":false},"author":2,"featured_media":0,"parent":0,"menu_order":0,"comment_status":"closed","ping_status":"closed","template":"","meta":{"footnotes":""},"tags":[5,7,9],"class_list":["post-213","page","type-page","status-publish","hentry","tag-align-left","tag-style-front","tag-video-2021-11-1074200849-hd-mov","entry"],"_links":{"self":[{"href":"https:\/\/nayttely-cms.luomus.fi\/index.php?rest_route=\/wp\/v2\/pages\/213","targetHints":{"allow":["GET"]}}],"collection":[{"href":"https:\/\/nayttely-cms.luomus.fi\/index.php?rest_route=\/wp\/v2\/pages"}],"about":[{"href":"https:\/\/nayttely-cms.luomus.fi\/index.php?rest_route=\/wp\/v2\/types\/page"}],"author":[{"embeddable":true,"href":"https:\/\/nayttely-cms.luomus.fi\/index.php?rest_route=\/wp\/v2\/users\/2"}],"replies":[{"embeddable":true,"href":"https:\/\/nayttely-cms.luomus.fi\/index.php?rest_route=%2Fwp%2Fv2%2Fcomments&post=213"}],"version-history":[{"count":1,"href":"https:\/\/nayttely-cms.luomus.fi\/index.php?rest_route=\/wp\/v2\/pages\/213\/revisions"}],"predecessor-version":[{"id":214,"href":"https:\/\/nayttely-cms.luomus.fi\/index.php?rest_route=\/wp\/v2\/pages\/213\/revisions\/214"}],"wp:attachment":[{"href":"https:\/\/nayttely-cms.luomus.fi\/index.php?rest_route=%2Fwp%2Fv2%2Fmedia&parent=213"}],"wp:term":[{"taxonomy":"post_tag","embeddable":true,"href":"https:\/\/nayttely-cms.luomus.fi\/index.php?rest_route=%2Fwp%2Fv2%2Ftags&post=213"}],"curies":[{"name":"wp","href":"https:\/\/api.w.org\/{rel}","templated":true}]}}