{"id":225,"date":"2022-01-24T23:25:22","date_gmt":"2022-01-24T21:25:22","guid":{"rendered":"https:\/\/nayttely-cms.luomus.fi\/?page_id=225"},"modified":"2022-06-07T22:52:10","modified_gmt":"2022-06-07T19:52:10","slug":"natur-i-staden","status":"publish","type":"page","link":"https:\/\/nayttely-cms.luomus.fi\/?page_id=225","title":{"rendered":"Natur i staden"},"content":{"rendered":"\n<p class=\"has-huge-font-size\" style=\"line-height:1.2\"><strong>Rekreation och trygga oaser<\/strong><\/p>\n\n\n\n<p>Stadsskogarna \u00e4r viktiga rekreationsomr\u00e5den, men ocks\u00e5 trygga oaser f\u00f6r skogsarterna. Tillr\u00e4ckligt stora stadsskogar tryggar b\u00e4st b\u00e5de rekreationsv\u00e4rdena och den ekologiska betydelsen. De som r\u00f6r sig i naturen sliter n\u00e4mligen p\u00e5 skogsbottnen och kan trampa ner v\u00e4xande plantor.<\/p>\n\n\n\n<p>F\u00f6r den h\u00e4r doktorsavhandlingen kartlades olika s\u00e4tt att i stadsskogar skapa naturliga hinder som hindrar slitage p\u00e5 milj\u00f6erna. Det visade sig att t\u00e4ta plantbest\u00e5nd och murkna tr\u00e4d var l\u00e4mpliga hinder f\u00f6r att skydda delar av skogarna mot alltf\u00f6r intensivt rekreationsbruk. Resultaten av en enk\u00e4tunders\u00f6kning visade att rekreationsv\u00e4rdena steg n\u00e4r stadsvyn inte str\u00e4ckte sig till skogen. Tr\u00e4d av olika \u00e5ldrar och murkna tr\u00e4d \u00f6kar arternas m\u00e5ngfald och f\u00f6rb\u00e4ttrar skogens rekreationsv\u00e4rde. <\/p>\n\n\n\n<p class=\"has-extra-large-font-size\">L\u00e4nk till avhandlingen:<\/p>\n\n\n\n<p><a href=\"https:\/\/nayttely-cms.luomus.fi\/wp-content\/uploads\/2021\/10\/Eco-experimental_quality_vaitoskirja.pdf\">Eco-experiential quality of urban forests: Combining ecological, restorative and aesthetic perspectives<\/a><\/p>\n","protected":false},"excerpt":{"rendered":"<p>Rekreation och trygga oaser Stadsskogarna \u00e4r viktiga rekreationsomr\u00e5den, men ocks\u00e5 trygga oaser f\u00f6r skogsarterna. Tillr\u00e4ckligt stora stadsskogar tryggar b\u00e4st b\u00e5de rekreationsv\u00e4rdena och den ekologiska betydelsen. De som r\u00f6r sig i naturen sliter n\u00e4mligen p\u00e5 skogsbottnen och kan trampa ner v\u00e4xande plantor. F\u00f6r den h\u00e4r doktorsavhandlingen kartlades olika s\u00e4tt att i stadsskogar skapa naturliga hinder som&hellip; <a class=\"more-link\" href=\"https:\/\/nayttely-cms.luomus.fi\/?page_id=225\">Jatka lukemista <span class=\"screen-reader-text\">Natur i staden<\/span><\/a><\/p>\n","protected":false},"author":2,"featured_media":218,"parent":0,"menu_order":0,"comment_status":"closed","ping_status":"closed","template":"","meta":{"footnotes":""},"tags":[],"class_list":["post-225","page","type-page","status-publish","has-post-thumbnail","hentry","entry"],"_links":{"self":[{"href":"https:\/\/nayttely-cms.luomus.fi\/index.php?rest_route=\/wp\/v2\/pages\/225","targetHints":{"allow":["GET"]}}],"collection":[{"href":"https:\/\/nayttely-cms.luomus.fi\/index.php?rest_route=\/wp\/v2\/pages"}],"about":[{"href":"https:\/\/nayttely-cms.luomus.fi\/index.php?rest_route=\/wp\/v2\/types\/page"}],"author":[{"embeddable":true,"href":"https:\/\/nayttely-cms.luomus.fi\/index.php?rest_route=\/wp\/v2\/users\/2"}],"replies":[{"embeddable":true,"href":"https:\/\/nayttely-cms.luomus.fi\/index.php?rest_route=%2Fwp%2Fv2%2Fcomments&post=225"}],"version-history":[{"count":3,"href":"https:\/\/nayttely-cms.luomus.fi\/index.php?rest_route=\/wp\/v2\/pages\/225\/revisions"}],"predecessor-version":[{"id":253,"href":"https:\/\/nayttely-cms.luomus.fi\/index.php?rest_route=\/wp\/v2\/pages\/225\/revisions\/253"}],"wp:featuredmedia":[{"embeddable":true,"href":"https:\/\/nayttely-cms.luomus.fi\/index.php?rest_route=\/wp\/v2\/media\/218"}],"wp:attachment":[{"href":"https:\/\/nayttely-cms.luomus.fi\/index.php?rest_route=%2Fwp%2Fv2%2Fmedia&parent=225"}],"wp:term":[{"taxonomy":"post_tag","embeddable":true,"href":"https:\/\/nayttely-cms.luomus.fi\/index.php?rest_route=%2Fwp%2Fv2%2Ftags&post=225"}],"curies":[{"name":"wp","href":"https:\/\/api.w.org\/{rel}","templated":true}]}}