{"id":227,"date":"2022-01-24T23:25:47","date_gmt":"2022-01-24T21:25:47","guid":{"rendered":"https:\/\/nayttely-cms.luomus.fi\/?page_id=227"},"modified":"2022-06-07T23:00:47","modified_gmt":"2022-06-07T20:00:47","slug":"var-ska-man-bygga","status":"publish","type":"page","link":"https:\/\/nayttely-cms.luomus.fi\/?page_id=227","title":{"rendered":"Var ska man bygga?"},"content":{"rendered":"\n<p class=\"has-huge-font-size\" style=\"line-height:1.2\"><strong>B\u00e4ttre stadsplanering<\/strong><\/p>\n\n\n\n<p>M\u00e5ngsidiga forskningsr\u00f6n \u00e4r av st\u00f6rsta vikt som grund f\u00f6r beslutsfattandet inom stadsplaneringen. M\u00e5ngfalden i naturen, biodiversiteten, \u00e4r en viktig m\u00e4tare som st\u00f6d f\u00f6r planeringen av markanv\u00e4ndning och byggande.<\/p>\n\n\n\n<p>I den h\u00e4r studien kartlades milj\u00f6er i huvudstadsregionen som \u00e4r viktiga f\u00f6r biodiversiteten. Dessutom utvecklades metoder och m\u00e4tare f\u00f6r b\u00e4ttre uppskattning av milj\u00f6ns tillst\u00e5nd. <\/p>\n\n\n\n<p>I studien identifierades milj\u00f6er som \u00e4r viktiga f\u00f6r biodiversiteten i huvudstadsnaturen och som \u00e4r v\u00e4rda att f\u00f6rskonas fr\u00e5n byggnation. Till de h\u00e4r milj\u00f6erna h\u00f6r stadsskogar, botaniska tr\u00e4dg\u00e5rdar, kust\u00e4ngar och impediment. Med tanke p\u00e5 biodiversiteten l\u00f6nar det sig att koncentrera byggandet till redan byggda omr\u00e5den och till \u00e5krar.<\/p>\n\n\n\n<p class=\"has-extra-large-font-size\">L\u00e4nk till artikeln:<\/p>\n\n\n\n<p><a href=\"https:\/\/nayttely-cms.luomus.fi\/wp-content\/uploads\/2021\/10\/Spatial_prioritization.pdf\">Spatial prioritization for urban Biodiversity Quality using biotope maps and expert opinion<\/a><\/p>\n","protected":false},"excerpt":{"rendered":"<p>B\u00e4ttre stadsplanering M\u00e5ngsidiga forskningsr\u00f6n \u00e4r av st\u00f6rsta vikt som grund f\u00f6r beslutsfattandet inom stadsplaneringen. M\u00e5ngfalden i naturen, biodiversiteten, \u00e4r en viktig m\u00e4tare som st\u00f6d f\u00f6r planeringen av markanv\u00e4ndning och byggande. I den h\u00e4r studien kartlades milj\u00f6er i huvudstadsregionen som \u00e4r viktiga f\u00f6r biodiversiteten. Dessutom utvecklades metoder och m\u00e4tare f\u00f6r b\u00e4ttre uppskattning av milj\u00f6ns tillst\u00e5nd. I&hellip; <a class=\"more-link\" href=\"https:\/\/nayttely-cms.luomus.fi\/?page_id=227\">Jatka lukemista <span class=\"screen-reader-text\">Var ska man bygga?<\/span><\/a><\/p>\n","protected":false},"author":2,"featured_media":221,"parent":0,"menu_order":0,"comment_status":"closed","ping_status":"closed","template":"","meta":{"footnotes":""},"tags":[],"class_list":["post-227","page","type-page","status-publish","has-post-thumbnail","hentry","entry"],"_links":{"self":[{"href":"https:\/\/nayttely-cms.luomus.fi\/index.php?rest_route=\/wp\/v2\/pages\/227","targetHints":{"allow":["GET"]}}],"collection":[{"href":"https:\/\/nayttely-cms.luomus.fi\/index.php?rest_route=\/wp\/v2\/pages"}],"about":[{"href":"https:\/\/nayttely-cms.luomus.fi\/index.php?rest_route=\/wp\/v2\/types\/page"}],"author":[{"embeddable":true,"href":"https:\/\/nayttely-cms.luomus.fi\/index.php?rest_route=\/wp\/v2\/users\/2"}],"replies":[{"embeddable":true,"href":"https:\/\/nayttely-cms.luomus.fi\/index.php?rest_route=%2Fwp%2Fv2%2Fcomments&post=227"}],"version-history":[{"count":2,"href":"https:\/\/nayttely-cms.luomus.fi\/index.php?rest_route=\/wp\/v2\/pages\/227\/revisions"}],"predecessor-version":[{"id":258,"href":"https:\/\/nayttely-cms.luomus.fi\/index.php?rest_route=\/wp\/v2\/pages\/227\/revisions\/258"}],"wp:featuredmedia":[{"embeddable":true,"href":"https:\/\/nayttely-cms.luomus.fi\/index.php?rest_route=\/wp\/v2\/media\/221"}],"wp:attachment":[{"href":"https:\/\/nayttely-cms.luomus.fi\/index.php?rest_route=%2Fwp%2Fv2%2Fmedia&parent=227"}],"wp:term":[{"taxonomy":"post_tag","embeddable":true,"href":"https:\/\/nayttely-cms.luomus.fi\/index.php?rest_route=%2Fwp%2Fv2%2Ftags&post=227"}],"curies":[{"name":"wp","href":"https:\/\/api.w.org\/{rel}","templated":true}]}}